{"id":130,"date":"2014-12-26T15:28:15","date_gmt":"2014-12-26T15:28:15","guid":{"rendered":"http:\/\/sens.unhcr.org\/?page_id=130"},"modified":"2025-01-16T20:51:52","modified_gmt":"2025-01-16T20:51:52","slug":"directives-utilisation-smartphones","status":"publish","type":"page","link":"https:\/\/www.unhcr.org\/sens\/translations-sens-modules-and-tools-in-french\/directives-utilisation-smartphones\/","title":{"rendered":"MDC Tools in French"},"content":{"rendered":"<p><strong>OUTILS DE MDC EN FRANCAIS<\/strong><\/p>\n<p><a href=\"https:\/\/www.unhcr.org\/sens\/wp-content\/uploads\/sites\/155\/2015\/03\/ricon_download.png\"><img loading=\"lazy\" decoding=\"async\" class=\"alignnone size-full wp-image-189\" src=\"https:\/\/www.unhcr.org\/sens\/wp-content\/uploads\/sites\/155\/2015\/03\/ricon_download.png\" alt=\"ricon_download\" width=\"24\" height=\"24\" \/><\/a> \u00a0\u00a0 <strong>T\u00e9l\u00e9chargements<\/strong><\/p>\n<hr \/>\n<p><strong>Tous les outils MDC &#8211; <\/strong>T\u00e9l\u00e9chargement complet des outils MDC 1 &#8211; 9 <a class=\"file-icon\" href=\"https:\/\/www.unhcr.org\/sens\/wp-content\/uploads\/sites\/155\/2025\/01\/MDC-Outils-V3.zip\"><img loading=\"lazy\" decoding=\"async\" class=\"alignright wp-image-183 size-full\" src=\"https:\/\/www.unhcr.org\/sens\/wp-content\/uploads\/sites\/155\/2015\/03\/fticon_zipfolder.png\" alt=\"fticon_zipfolder\" width=\"16\" height=\"16\" \/><\/a> \u00a0 \u00a0 \u00a0 \u00a0 \u00a0 \u00a0 \u00a0 \u00a0 \u00a0 \u00a0 \u00a0\u00a0<\/p>\n<hr \/>\n<p><strong>1. Configuration des outils MDC:<\/strong><\/p>\n<ol>\n<li><strong>MDC Outil 1<\/strong>\u00a0&#8211; Tutoriel &#8211; Comment configurer un t\u00e9l\u00e9phone pour une enqu\u00eate SENS \u00a0 \u00a0<a class=\"file-icon\" href=\"https:\/\/www.unhcr.org\/sens\/wp-content\/uploads\/sites\/155\/2025\/01\/MDC-Outil-01-Tutoriel-Comment-configurer-un-telephone-pour-une-enquete-SENS-FR-V7.docx\" target=\"_blank\" rel=\"noopener noreferrer\"><img loading=\"lazy\" decoding=\"async\" class=\"alignright wp-image-180 size-full\" src=\"https:\/\/www.unhcr.org\/sens\/wp-content\/uploads\/sites\/155\/2015\/03\/fticon_msword.png\" alt=\"fticon_msword\" width=\"16\" height=\"16\" \/><\/a> <a class=\"file-icon\" href=\"https:\/\/www.unhcr.org\/sens\/wp-content\/uploads\/sites\/155\/2025\/01\/MDC-Outil-01-Tutoriel-Comment-configurer-un-telephone-pour-une-enquete-SENS-FR-V7.pdf\" target=\"_blank\" rel=\"noopener noreferrer\"><img loading=\"lazy\" decoding=\"async\" class=\"alignright wp-image-181 size-full\" src=\"https:\/\/www.unhcr.org\/sens\/wp-content\/uploads\/sites\/155\/2015\/03\/fticon_pdf.png\" alt=\"fticon_pdf\" width=\"16\" height=\"16\" \/><\/a><\/li>\n<li><strong>MDC Outil 2<\/strong> &#8211; Utiliser des points GPS dans une enqu\u00eate SENS\u00a0 \u00a0 <a class=\"file-icon\" href=\"https:\/\/www.unhcr.org\/sens\/wp-content\/uploads\/sites\/155\/2025\/01\/MDC-Outil-02-Utiliser-des-points-GPS-dans-les-modules-SENS-FR-V3.docx\" target=\"_blank\" rel=\"noopener noreferrer\"><img loading=\"lazy\" decoding=\"async\" class=\"alignright wp-image-180 size-full\" src=\"https:\/\/www.unhcr.org\/sens\/wp-content\/uploads\/sites\/155\/2015\/03\/fticon_msword.png\" alt=\"fticon_msword\" width=\"16\" height=\"16\" \/><\/a> <a class=\"file-icon\" href=\"https:\/\/www.unhcr.org\/sens\/wp-content\/uploads\/sites\/155\/2025\/01\/MDC-Outil-02-Utiliser-des-points-GPS-dans-les-modules-SENS-FR-V3.pdf\" target=\"_blank\" rel=\"noopener noreferrer\"><img loading=\"lazy\" decoding=\"async\" class=\"alignright wp-image-181 size-full\" src=\"https:\/\/www.unhcr.org\/sens\/wp-content\/uploads\/sites\/155\/2015\/03\/fticon_pdf.png\" alt=\"fticon_pdf\" width=\"16\" height=\"16\" \/><\/a><\/li>\n<li><strong>MDC Outil 3<\/strong> &#8211; Tutoriel\u00a0 &#8211; Configuration et utilisation de Kobo Server <a class=\"file-icon\" href=\"https:\/\/www.unhcr.org\/sens\/wp-content\/uploads\/sites\/155\/2025\/01\/MDC-Outil-03-Tutoriel-Lancer-et-utiliser-le-serveur-en-ligne-Exporter-les-donnees-pour-lanalyse-V2-FR.docx\" target=\"_blank\" rel=\"noopener noreferrer\"><img loading=\"lazy\" decoding=\"async\" class=\"alignright wp-image-180 size-full\" src=\"https:\/\/www.unhcr.org\/sens\/wp-content\/uploads\/sites\/155\/2015\/03\/fticon_msword.png\" alt=\"fticon_msword\" width=\"16\" height=\"16\" \/><\/a>\u00a0 \u00a0 \u00a0 \u00a0 \u00a0 \u00a0 \u00a0 \u00a0 \u00a0 \u00a0 \u00a0 \u00a0<a class=\"file-icon\" href=\"https:\/\/www.unhcr.org\/sens\/wp-content\/uploads\/sites\/155\/2025\/01\/MDC-Outil-03-Tutoriel-Lancer-et-utiliser-le-serveur-en-ligne-Exporter-les-donnees-pour-lanalyse-V2-FR.pdf\" target=\"_blank\" rel=\"noopener noreferrer\"><img loading=\"lazy\" decoding=\"async\" class=\"alignright wp-image-181 size-full\" src=\"https:\/\/www.unhcr.org\/sens\/wp-content\/uploads\/sites\/155\/2015\/03\/fticon_pdf.png\" alt=\"fticon_pdf\" width=\"16\" height=\"16\" \/><\/a><\/li>\n<\/ol>\n<hr \/>\n<p><strong>2. Documents de formation:<\/strong><\/p>\n<ol>\n<li><strong>MDC Outil 4<\/strong> &#8211; Formation des Superviseurs <a href=\"https:\/\/www.unhcr.org\/sens\/wp-content\/uploads\/sites\/155\/2025\/01\/MDC-Outil-04-Formation-Superviseurs-FR-V11.pptx\"><img loading=\"lazy\" decoding=\"async\" class=\"alignright wp-image-179 size-full\" src=\"https:\/\/www.unhcr.org\/sens\/wp-content\/uploads\/sites\/155\/2015\/03\/fticon_mspowerpoint.png\" alt=\"\" width=\"16\" height=\"16\" \/><\/a> \u00a0 <a class=\"file-icon\" href=\"https:\/\/www.unhcr.org\/sens\/wp-content\/uploads\/sites\/155\/2025\/01\/MDC-Outil-04-Formation-Superviseurs-FR-V11.pdf\"><img loading=\"lazy\" decoding=\"async\" class=\"alignright wp-image-181 size-full\" src=\"https:\/\/www.unhcr.org\/sens\/wp-content\/uploads\/sites\/155\/2015\/03\/fticon_pdf.png\" alt=\"fticon_pdf\" width=\"16\" height=\"16\" \/><\/a>\u00a0 \u00a0 \u00a0 \u00a0 \u00a0 \u00a0 \u00a0 \u00a0 \u00a0 \u00a0 \u00a0 \u00a0 \u00a0 \u00a0 \u00a0 \u00a0 \u00a0\u00a0<\/li>\n<li><strong>MDC Outil 5<\/strong> &#8211; Formation des enqu\u00eateurs<a class=\"file-icon\" href=\"https:\/\/www.unhcr.org\/sens\/wp-content\/uploads\/sites\/155\/2025\/01\/MDC-Outil-05-MDC-Formation-pour-Enqueteurs-FR-V8.pptx\"><img loading=\"lazy\" decoding=\"async\" class=\"alignright wp-image-179\" src=\"https:\/\/www.unhcr.org\/sens\/wp-content\/uploads\/sites\/155\/2015\/03\/fticon_mspowerpoint.png\" alt=\"fticon_mspowerpoint\" width=\"16\" height=\"16\" \/><\/a>\u00a0 \u00a0 \u00a0 <a class=\"file-icon\" href=\"https:\/\/www.unhcr.org\/sens\/wp-content\/uploads\/sites\/155\/2025\/01\/MDC-Outil-05-MDC-Formation-pour-Enqueteurs-FR-V8.pdf\"><img loading=\"lazy\" decoding=\"async\" class=\"alignright wp-image-181 size-full\" src=\"https:\/\/www.unhcr.org\/sens\/wp-content\/uploads\/sites\/155\/2015\/03\/fticon_pdf.png\" alt=\"fticon_pdf\" width=\"16\" height=\"16\" \/><\/a>\u00a0 \u00a0 \u00a0 \u00a0 \u00a0\u00a0<\/li>\n<\/ol>\n<hr \/>\n<p><strong>3. Documents d&#8217;appui \u00e0 \u00a0la logistique:<\/strong><\/p>\n<ol>\n<li><strong>MDC Outil 6<\/strong> &#8211; A imprimer &#8211; Remise des t\u00e9l\u00e9phones andro\u00efdes<a class=\"file-icon\" href=\"https:\/\/www.unhcr.org\/sens\/wp-content\/uploads\/sites\/155\/2025\/01\/MDC-Outil-06-Remise-Telephone-Androide-FR.doc\" target=\"_blank\" rel=\"noopener noreferrer\"><img loading=\"lazy\" decoding=\"async\" class=\"alignright wp-image-180 size-full\" src=\"https:\/\/www.unhcr.org\/sens\/wp-content\/uploads\/sites\/155\/2015\/03\/fticon_msword.png\" alt=\"\" width=\"16\" height=\"16\" \/><\/a><a class=\"file-icon\" href=\"https:\/\/www.unhcr.org\/sens\/wp-content\/uploads\/sites\/155\/2025\/01\/MDC-Outil-06-Remise-Telephone-Androide-FR.pdf\" target=\"_blank\" rel=\"noopener noreferrer\"><img loading=\"lazy\" decoding=\"async\" class=\"alignright wp-image-181 size-full\" src=\"https:\/\/www.unhcr.org\/sens\/wp-content\/uploads\/sites\/155\/2015\/03\/fticon_pdf.png\" alt=\"fticon_pdf\" width=\"16\" height=\"16\" \/><\/a><\/li>\n<li><strong>MDC Outil 7<\/strong> &#8211; A imprimer &#8211; Inventaire quotidien des t\u00e9l\u00e9phones<a class=\"file-icon\" href=\"https:\/\/www.unhcr.org\/sens\/wp-content\/uploads\/sites\/155\/2025\/01\/MDC-Outil-07-Inventaire_Quotidien_Telephones_FR.docx\" target=\"_blank\" rel=\"noopener noreferrer\"><img loading=\"lazy\" decoding=\"async\" class=\"alignright wp-image-180 size-full\" src=\"https:\/\/www.unhcr.org\/sens\/wp-content\/uploads\/sites\/155\/2015\/03\/fticon_msword.png\" alt=\"\" width=\"16\" height=\"16\" \/><\/a><a class=\"file-icon\" href=\"https:\/\/www.unhcr.org\/sens\/wp-content\/uploads\/sites\/155\/2025\/01\/MDC-Outil-07-Inventaire_Quotidien_Telephones_FR.pdf\" target=\"_blank\" rel=\"noopener noreferrer\"><img loading=\"lazy\" decoding=\"async\" class=\"alignright wp-image-181 size-full\" src=\"https:\/\/www.unhcr.org\/sens\/wp-content\/uploads\/sites\/155\/2015\/03\/fticon_pdf.png\" alt=\"fticon_pdf\" width=\"16\" height=\"16\" \/><\/a><\/li>\n<li><strong>MDC Outil 8<\/strong> &#8211; Utilisation au Quotidien et logistique \u00a0 \u00a0 \u00a0 \u00a0 <a class=\"file-icon\" href=\"https:\/\/www.unhcr.org\/sens\/wp-content\/uploads\/sites\/155\/2025\/01\/MDC-Outil-08-Utilisation-Quotidienne-et-Logistique.docx\" target=\"_blank\" rel=\"noopener noreferrer\"><img loading=\"lazy\" decoding=\"async\" class=\"alignright wp-image-180\" src=\"https:\/\/www.unhcr.org\/sens\/wp-content\/uploads\/sites\/155\/2015\/03\/fticon_msword.png\" alt=\"fticon_msword\" width=\"16\" height=\"16\" \/><\/a> <a class=\"file-icon\" href=\"https:\/\/www.unhcr.org\/sens\/wp-content\/uploads\/sites\/155\/2025\/01\/MDC-Outil-08-Utilisation-Quotidienne-et-Logistique.pdf\" target=\"_blank\" rel=\"noopener noreferrer\"><img loading=\"lazy\" decoding=\"async\" class=\"alignright wp-image-181 size-full\" src=\"https:\/\/www.unhcr.org\/sens\/wp-content\/uploads\/sites\/155\/2015\/03\/fticon_pdf.png\" alt=\"fticon_pdf\" width=\"16\" height=\"16\" \/><\/a><\/li>\n<\/ol>\n<hr \/>\n<p><strong>4. Tutoriels suppl\u00e9mentaires:<\/strong><\/p>\n<ol>\n<li><strong>MDC Outil 9<\/strong> &#8211; Tutoriel &#8211; Ajouter des images aux questions dans votre enquete SENS\u00a0 \u00a0 <a class=\"file-icon\" href=\"https:\/\/www.unhcr.org\/sens\/wp-content\/uploads\/sites\/155\/2025\/01\/MDC-Outil-09-Tutoriel-Ajouter-des-images-aux-questions-dans-votre-enquete-SENS-FR-V2.docx\" target=\"_blank\" rel=\"noopener noreferrer\"><img loading=\"lazy\" decoding=\"async\" class=\"alignright wp-image-180 size-full\" src=\"https:\/\/www.unhcr.org\/sens\/wp-content\/uploads\/sites\/155\/2015\/03\/fticon_msword.png\" alt=\"fticon_msword\" width=\"16\" height=\"16\" \/><\/a> <a class=\"file-icon\" href=\"https:\/\/www.unhcr.org\/sens\/wp-content\/uploads\/sites\/155\/2025\/01\/MDC-Outil-01-Tutoriel-Comment-configurer-un-telephone-pour-une-enquete-SENS-FR-V7.pdf\" target=\"_blank\" rel=\"noopener noreferrer\"><img loading=\"lazy\" decoding=\"async\" class=\"alignright wp-image-181 size-full\" src=\"https:\/\/www.unhcr.org\/sens\/wp-content\/uploads\/sites\/155\/2015\/03\/fticon_pdf.png\" alt=\"fticon_pdf\" width=\"16\" height=\"16\" \/><\/a><\/li>\n<\/ol>\n\n\n<p><\/p>\n","protected":false},"excerpt":{"rendered":"<p>OUTILS DE MDC EN FRANCAIS \u00a0\u00a0 T\u00e9l\u00e9chargements Tous les outils MDC &#8211; T\u00e9l\u00e9chargement complet des outils MDC 1 &#8211; 9 \u00a0 \u00a0 \u00a0 \u00a0 \u00a0 \u00a0 \u00a0 \u00a0 \u00a0 \u00a0 \u00a0\u00a0 1. Configuration des outils MDC: MDC Outil 1\u00a0&#8211; Tutoriel &#8211; Comment configurer un t\u00e9l\u00e9phone pour une enqu\u00eate SENS \u00a0 \u00a0 MDC Outil 2 &#8211; [&hellip;]<\/p>\n","protected":false},"author":861,"featured_media":0,"parent":125,"menu_order":2,"comment_status":"closed","ping_status":"closed","template":"page-templates\/full-width.php","meta":{"footnotes":""},"class_list":["post-130","page","type-page","status-publish","hentry"],"_links":{"self":[{"href":"https:\/\/www.unhcr.org\/sens\/wp-json\/wp\/v2\/pages\/130","targetHints":{"allow":["GET"]}}],"collection":[{"href":"https:\/\/www.unhcr.org\/sens\/wp-json\/wp\/v2\/pages"}],"about":[{"href":"https:\/\/www.unhcr.org\/sens\/wp-json\/wp\/v2\/types\/page"}],"author":[{"embeddable":true,"href":"https:\/\/www.unhcr.org\/sens\/wp-json\/wp\/v2\/users\/861"}],"replies":[{"embeddable":true,"href":"https:\/\/www.unhcr.org\/sens\/wp-json\/wp\/v2\/comments?post=130"}],"version-history":[{"count":5,"href":"https:\/\/www.unhcr.org\/sens\/wp-json\/wp\/v2\/pages\/130\/revisions"}],"predecessor-version":[{"id":3007,"href":"https:\/\/www.unhcr.org\/sens\/wp-json\/wp\/v2\/pages\/130\/revisions\/3007"}],"up":[{"embeddable":true,"href":"https:\/\/www.unhcr.org\/sens\/wp-json\/wp\/v2\/pages\/125"}],"wp:attachment":[{"href":"https:\/\/www.unhcr.org\/sens\/wp-json\/wp\/v2\/media?parent=130"}],"curies":[{"name":"wp","href":"https:\/\/api.w.org\/{rel}","templated":true}]}}