{"id":2338,"date":"2020-10-07T12:15:04","date_gmt":"2020-10-07T12:15:04","guid":{"rendered":"http:\/\/sens.unhcr.org\/?page_id=2338"},"modified":"2022-10-18T10:48:08","modified_gmt":"2022-10-18T10:48:08","slug":"sens-v3-webinars","status":"publish","type":"page","link":"https:\/\/www.unhcr.org\/sens\/training-material-sens-field-training\/sens-v3-webinars\/","title":{"rendered":"SENS V3 &amp; MDC webinars"},"content":{"rendered":"\n<p>In 2020, UNHCR in collaboration with CartONG organized a series of webinars on SENS version 3 and new Mobile Data Collection (MDC) tools. <\/p>\n\n\n\n<p>This webinar series is dedicated to survey managers and to persons involved in the implementation of SENS surveys to gain key knowledge and useful skills to be able to conduct a SENS survey using the new SENS Guidelines and new MDC Tools.&nbsp;The webinars cover the updates in the SENS modules, the new sampling strategies, the new questions and indicators, the adaptation for MDC, the novel automatic checks, the algorithms for the referral of malnourished children, the new SENS tools, the new SENS website, SENS mapper, etc.<\/p>\n\n\n\n<p>This series of webinars are delivered in English and French, and are divided into 6 sessions:<\/p>\n\n\n\n<p><strong>Updates in SENS v3 guidelines<\/strong>&nbsp;<\/p>\n\n\n\n<ul class=\"wp-block-list\"><li><strong>Session 1:<\/strong> Background on SENS and updates in Module 1 &#8211; Demography and Module 5 &#8211; Food Security<\/li><li><strong>Session 2:<\/strong> Updates on Module 6 &#8211; Mosquito Net, Module 7 &#8211; WASH, Module 2 &#8211; Anthropometry and Health, Module 3 &#8211; Anaemia, and Module 4 &#8211; IYCF<\/li><li><strong>Session 3:<\/strong> Updates on Pre-module and new tools, including SENS website and data dashboard<\/li><\/ul>\n\n\n\n<p><strong>New MDC Tools&nbsp;<\/strong><\/p>\n\n\n\n<ul><li><strong>Session 4:<\/strong> Overview and demo on SENS questionnaires <\/li><li><strong>Session 5:<\/strong> Overview use of tools including ODK Collect, Kobo Toolbox, Raspberry Pi<\/li><li><strong>Session 6:<\/strong> ODK Collect set up, SENS Mapper and Q&amp;A for all sessions<\/li><\/ul>\n<hr>\n\n\n\n<p><strong>Videos of Webinars<\/strong> <strong>(English)<\/strong><\/p>\n\n\n\n<ul class=\"wp-block-list\"><li><strong>Session 1<\/strong> <\/li><\/ul>\n\n\n\n<figure><\/figure>\n\n\n\n<ul class=\"wp-block-list\"><li><strong>Session 2 <\/strong><\/li><\/ul>\n\n\n\n<figure><\/figure>\n\n\n\n<ul class=\"wp-block-list\"><li><strong>Session 3<\/strong><\/li><\/ul>\n\n\n\n<figure><\/figure>\n\n\n\n<ul class=\"wp-block-list\"><li><strong>Session 4<\/strong><\/li><\/ul>\n\n\n\n<figure><\/figure>\n\n\n\n<ul class=\"wp-block-list\"><li><strong>Session 5<\/strong><\/li><\/ul>\n\n\n\n<figure><\/figure>\n\n\n\n<ul class=\"wp-block-list\"><li><strong>Session 6<\/strong><\/li><\/ul>\n\n\n\n<figure><\/figure>\n\n\n\n<p><strong>Vid\u00e9os de Webinaires<\/strong> <strong>(Fran\u00e7ais<\/strong>)<\/p>\n\n\n\n<ul class=\"wp-block-list\"><li><strong>Session 1<\/strong> <\/li><\/ul>\n\n\n\n<figure><\/figure>\n\n\n\n<ul class=\"wp-block-list\"><li><strong>Session 2 <\/strong><\/li><\/ul>\n\n\n\n<figure><\/figure>\n\n\n\n<ul class=\"wp-block-list\"><li><strong>Session 3<\/strong><\/li><\/ul>\n\n\n\n<figure><\/figure>\n\n\n\n<ul class=\"wp-block-list\"><li><strong>Session 4<\/strong><\/li><\/ul>\n\n\n\n<figure><\/figure>\n\n\n\n<ul class=\"wp-block-list\"><li><strong>Session 5<\/strong><\/li><\/ul>\n\n\n\n<figure><\/figure>\n\n\n\n<ul class=\"wp-block-list\"><li><strong>Session 6<\/strong><\/li><\/ul>\n\n\n\n<figure><\/figure>\n\n\n\n<hr class=\"wp-block-separator\" \/>\n\n\n<p><a href=\"https:\/\/www.unhcr.org\/sens\/wp-content\/uploads\/sites\/155\/2015\/03\/ricon_download.png\"><img loading=\"lazy\" decoding=\"async\" class=\"alignnone size-full wp-image-189\" src=\"https:\/\/www.unhcr.org\/sens\/wp-content\/uploads\/sites\/155\/2015\/03\/ricon_download.png\" alt=\"ricon_download\" width=\"24\" height=\"24\" \/><\/a>\u00a0\u00a0\u00a0 <strong>Downloads (English)<\/strong><\/p>\n<hr \/>\n<p><strong>In English<\/strong><\/p>\n<p><strong>Session 1<\/strong> Background on SENS and updates in Module 1 &#8211; Demography and Module 5 &#8211; Food Security<\/p>\n<p>Video <a class=\"file-icon\" href=\"https:\/\/www.unhcr.org\/sens\/wp-content\/uploads\/sites\/155\/2020\/10\/UNHCR-SENS-v3-and-MDC-Webinars-EN-Session-1-20201007.mp4\" target=\"_blank\" rel=\"noopener noreferrer\"><img loading=\"lazy\" decoding=\"async\" class=\"file-icon alignnone wp-image-182 size-full\" src=\"https:\/\/www.unhcr.org\/sens\/wp-content\/uploads\/sites\/155\/2015\/03\/fticon_video.png\" alt=\"fticon_video\" width=\"16\" height=\"16\" \/><\/a><\/p>\n<p>Slides <a class=\"file-icon\" href=\"https:\/\/www.unhcr.org\/sens\/wp-content\/uploads\/sites\/155\/2020\/10\/SENS-v3-Updates-webinar-Session-1_ENG_VF.pdf\" target=\"_blank\" rel=\"noopener noreferrer\"><img loading=\"lazy\" decoding=\"async\" class=\"file-icon alignnone wp-image-181 size-full\" src=\"https:\/\/www.unhcr.org\/sens\/wp-content\/uploads\/sites\/155\/2015\/03\/fticon_pdf.png\" alt=\"\" width=\"16\" height=\"16\" \/><\/a><\/p>\n<hr \/>\n<p><strong>Session 2<\/strong> Updates on Module 6 &#8211; Mosquito Net, Module 7 &#8211; WASH, Module 2 &#8211; Anthropometry and Health, Module 3 &#8211; Anaemia, and Module 4 &#8211; IYCF<\/p>\n<p>Video <a class=\"file-icon\" href=\"https:\/\/www.unhcr.org\/sens\/wp-content\/uploads\/sites\/155\/2020\/10\/UNHCR-SENS-v3-and-MDC-Webinars-EN-Session-2-20201014.mp4\" target=\"_blank\" rel=\"noopener noreferrer\"><img loading=\"lazy\" decoding=\"async\" class=\"file-icon alignnone wp-image-182 size-full\" src=\"https:\/\/www.unhcr.org\/sens\/wp-content\/uploads\/sites\/155\/2015\/03\/fticon_video.png\" alt=\"fticon_video\" width=\"16\" height=\"16\" \/><\/a><\/p>\n<p>Slides <a class=\"file-icon\" href=\"https:\/\/www.unhcr.org\/sens\/wp-content\/uploads\/sites\/155\/2020\/10\/SENS-v3-Updates-webinar-Session-2_ENG_VF.pdf\" target=\"_blank\" rel=\"noopener noreferrer\"><img loading=\"lazy\" decoding=\"async\" class=\"file-icon alignnone wp-image-181 size-full\" src=\"https:\/\/www.unhcr.org\/sens\/wp-content\/uploads\/sites\/155\/2015\/03\/fticon_pdf.png\" alt=\"\" width=\"16\" height=\"16\" \/><\/a><\/p>\n<hr \/>\n<p><strong data-rich-text-format-boundary=\"true\">Session 3<\/strong>\u00a0Updates on Pre-module and new tools, including SENS website and data dashboard<\/p>\n<p>Video <a class=\"file-icon\" href=\"https:\/\/www.unhcr.org\/sens\/wp-content\/uploads\/sites\/155\/2020\/10\/UNHCR-SENS-v3-and-MDC-Webinars-EN-Session-3-20201021.mp4\" target=\"_blank\" rel=\"noopener noreferrer\"><img loading=\"lazy\" decoding=\"async\" class=\"file-icon alignnone wp-image-182 size-full\" src=\"https:\/\/www.unhcr.org\/sens\/wp-content\/uploads\/sites\/155\/2015\/03\/fticon_video.png\" alt=\"fticon_video\" width=\"16\" height=\"16\" \/><\/a><\/p>\n<p>Slides <a class=\"file-icon\" href=\"https:\/\/www.unhcr.org\/sens\/wp-content\/uploads\/sites\/155\/2020\/10\/SENS-v3-Updates-webinar-Session-3_ENG_VF.pdf\" target=\"_blank\" rel=\"noopener noreferrer\"><img loading=\"lazy\" decoding=\"async\" class=\"file-icon alignnone wp-image-181 size-full\" src=\"https:\/\/www.unhcr.org\/sens\/wp-content\/uploads\/sites\/155\/2015\/03\/fticon_pdf.png\" alt=\"\" width=\"16\" height=\"16\" \/><\/a><\/p>\n<hr \/>\n<p><strong data-rich-text-format-boundary=\"true\">Session 4<\/strong> Overview and demo on SENS questionnaires<\/p>\n<p>Video <a class=\"file-icon\" href=\"https:\/\/www.unhcr.org\/sens\/wp-content\/uploads\/sites\/155\/2020\/10\/UNHCR-SENS-v3-and-MDC-Webinars-EN-Session-4-20201028.mp4\" target=\"_blank\" rel=\"noopener noreferrer\"><img loading=\"lazy\" decoding=\"async\" class=\"file-icon alignnone wp-image-182 size-full\" src=\"https:\/\/www.unhcr.org\/sens\/wp-content\/uploads\/sites\/155\/2015\/03\/fticon_video.png\" alt=\"fticon_video\" width=\"16\" height=\"16\" \/><\/a><\/p>\n<p>Slides <a class=\"file-icon\" href=\"https:\/\/www.unhcr.org\/sens\/wp-content\/uploads\/sites\/155\/2020\/10\/SENS-v3-Updates-webinar-Session-4_ENG_SS.pdf\" target=\"_blank\" rel=\"noopener noreferrer\"><img loading=\"lazy\" decoding=\"async\" class=\"file-icon alignnone wp-image-181 size-full\" src=\"https:\/\/www.unhcr.org\/sens\/wp-content\/uploads\/sites\/155\/2015\/03\/fticon_pdf.png\" alt=\"\" width=\"16\" height=\"16\" \/><\/a><\/p>\n<hr \/>\n<p><strong data-rich-text-format-boundary=\"true\">Session 5 <\/strong>Overview use of tools including ODK Collect, Kobo Toolbox, Raspberry Pi<\/p>\n<p>Video <a class=\"file-icon\" href=\"https:\/\/www.unhcr.org\/sens\/wp-content\/uploads\/sites\/155\/2020\/11\/UNHCR-SENS-v3-and-MDC-Webinars-EN-Session-5-20201104.mp4\" target=\"_blank\" rel=\"noopener noreferrer\"><img loading=\"lazy\" decoding=\"async\" class=\"file-icon alignnone wp-image-182 size-full\" src=\"https:\/\/www.unhcr.org\/sens\/wp-content\/uploads\/sites\/155\/2015\/03\/fticon_video.png\" alt=\"fticon_video\" width=\"16\" height=\"16\" \/><\/a><\/p>\n<p>Slides <a class=\"file-icon\" href=\"https:\/\/www.unhcr.org\/sens\/wp-content\/uploads\/sites\/155\/2020\/11\/SENS-v3-Updates-webinar-Session-5_ENG_SS.pdf\" target=\"_blank\" rel=\"noopener noreferrer\"><img loading=\"lazy\" decoding=\"async\" class=\"file-icon alignnone wp-image-181 size-full\" src=\"https:\/\/www.unhcr.org\/sens\/wp-content\/uploads\/sites\/155\/2015\/03\/fticon_pdf.png\" alt=\"\" width=\"16\" height=\"16\" \/><\/a><\/p>\n<hr \/>\n<p><strong>Session 6:<\/strong>\u00a0ODK Collect set up, SENS Mapper and Q&amp;A for all sessions<\/p>\n<p>Video <a class=\"file-icon\" href=\"https:\/\/www.dropbox.com\/s\/wfbp0zl2r4kv0y7\/UNHCR%20SENS%20v3%20and%20MDC%20Webinars%20-%20EN%20-%20Session%206-20201111.mp4?dl=1\" target=\"_blank\" rel=\"noopener noreferrer\"><img loading=\"lazy\" decoding=\"async\" class=\"file-icon alignnone wp-image-182 size-full\" src=\"https:\/\/www.unhcr.org\/sens\/wp-content\/uploads\/sites\/155\/2015\/03\/fticon_video.png\" alt=\"fticon_video\" width=\"16\" height=\"16\" \/><\/a><\/p>\n<p>Slides <a class=\"file-icon\" href=\"https:\/\/www.unhcr.org\/sens\/wp-content\/uploads\/sites\/155\/2020\/11\/SENS-v3-Updates-webinar-Session-6_ENG_-VF.pdf\" target=\"_blank\" rel=\"noopener noreferrer\"><img loading=\"lazy\" decoding=\"async\" class=\"file-icon alignnone wp-image-181 size-full\" src=\"https:\/\/www.unhcr.org\/sens\/wp-content\/uploads\/sites\/155\/2015\/03\/fticon_pdf.png\" alt=\"\" width=\"16\" height=\"16\" \/><\/a><\/p>\n<hr \/>\n<p><strong>Other documents:<\/strong><\/p>\n<p>Kobo Toolbox Exercise <a class=\"file-icon\" href=\"https:\/\/www.unhcr.org\/sens\/wp-content\/uploads\/sites\/155\/2020\/11\/SENS-V3-Webinars-Exercise-on-Kobo-Toolbox-EN.pptx\" target=\"_blank\" rel=\"noopener noreferrer\"><img loading=\"lazy\" decoding=\"async\" class=\"file-icon alignnone wp-image-179 size-full\" src=\"https:\/\/www.unhcr.org\/sens\/wp-content\/uploads\/sites\/155\/2015\/03\/fticon_mspowerpoint.png\" alt=\"\" width=\"16\" height=\"16\" \/><\/a><\/p>\n<p>Q&amp;A Summary <a class=\"file-icon\" href=\"https:\/\/www.unhcr.org\/sens\/wp-content\/uploads\/sites\/155\/2020\/11\/QA_Summary_SENS-v3_Webinars_ENG_VF.pdf\" target=\"_blank\" rel=\"noopener noreferrer\"><img loading=\"lazy\" decoding=\"async\" class=\"file-icon alignnone wp-image-181 size-full\" src=\"https:\/\/www.unhcr.org\/sens\/wp-content\/uploads\/sites\/155\/2015\/03\/fticon_pdf.png\" alt=\"\" width=\"16\" height=\"16\" \/><\/a><\/p>\n<hr \/>\n<p><strong><a href=\"https:\/\/www.unhcr.org\/sens\/wp-content\/uploads\/sites\/155\/2015\/03\/ricon_download.png\"><img loading=\"lazy\" decoding=\"async\" class=\"alignnone size-full wp-image-189\" src=\"https:\/\/www.unhcr.org\/sens\/wp-content\/uploads\/sites\/155\/2015\/03\/ricon_download.png\" alt=\"ricon_download\" width=\"24\" height=\"24\" \/><\/a>\u00a0\u00a0\u00a0 T\u00e9l\u00e9charger (Fran\u00e7ais)<\/strong><\/p>\n<hr \/>\n<p><strong>Session 1<\/strong> Des directives SENS et Mises \u00e0 jour Module 1 &#8211; D\u00e9mographie et 5 &#8211; S\u00e9curit\u00e9 alimentaire<\/p>\n<p>Vid\u00e9o <a class=\"file-icon\" href=\"https:\/\/www.unhcr.org\/sens\/wp-content\/uploads\/sites\/155\/2020\/10\/UNHCR-SENS-v3-et-MDC-Webinaires-FR-20201006.mp4\" target=\"_blank\" rel=\"noopener noreferrer\"><img loading=\"lazy\" decoding=\"async\" class=\"file-icon alignnone wp-image-182 size-full\" src=\"https:\/\/www.unhcr.org\/sens\/wp-content\/uploads\/sites\/155\/2015\/03\/fticon_video.png\" alt=\"fticon_video\" width=\"16\" height=\"16\" \/><\/a><\/p>\n<p>Diapositives <a class=\"file-icon\" href=\"https:\/\/www.unhcr.org\/sens\/wp-content\/uploads\/sites\/155\/2020\/10\/SENS-v3-Updates-webinar-Session-1_FRA_VF.pdf\" target=\"_blank\" rel=\"noopener noreferrer\"><img loading=\"lazy\" decoding=\"async\" class=\"file-icon alignnone wp-image-181 size-full\" src=\"https:\/\/www.unhcr.org\/sens\/wp-content\/uploads\/sites\/155\/2015\/03\/fticon_pdf.png\" alt=\"\" width=\"16\" height=\"16\" \/><\/a><\/p>\n<hr \/>\n<p><strong>Session 2<\/strong> Mises \u00e0 jour Module 6 &#8211; Couverture en provision de moustiquaires, 7 &#8211; EHA, 2 &#8211; Anthropom\u00e9trie et Sant\u00e9, 3 &#8211; An\u00e9mie, et 4 &#8211; ANJE<\/p>\n<p>Vid\u00e9o <a class=\"file-icon\" href=\"https:\/\/www.unhcr.org\/sens\/wp-content\/uploads\/sites\/155\/2020\/10\/UNHCR-SENS-v3-et-MDC-Webinaires-FR-Session-2-20201013.mp4\"><img loading=\"lazy\" decoding=\"async\" class=\"file-icon alignnone wp-image-182 size-full\" src=\"https:\/\/www.unhcr.org\/sens\/wp-content\/uploads\/sites\/155\/2015\/03\/fticon_video.png\" alt=\"fticon_video\" width=\"16\" height=\"16\" \/><\/a><\/p>\n<p>Diapositives <a class=\"file-icon\" href=\"https:\/\/www.unhcr.org\/sens\/wp-content\/uploads\/sites\/155\/2020\/10\/SENS-v3-Updates-webinar-Session-2_FRA_VF.pdf\" target=\"_blank\" rel=\"noopener noreferrer\"><img loading=\"lazy\" decoding=\"async\" class=\"file-icon alignnone wp-image-181 size-full\" src=\"https:\/\/www.unhcr.org\/sens\/wp-content\/uploads\/sites\/155\/2015\/03\/fticon_pdf.png\" alt=\"\" width=\"16\" height=\"16\" \/><\/a><\/p>\n<hr \/>\n<p><strong>Session 3<\/strong> Mises \u00e0 jour Pr\u00e9-module, nouveaux outils, site internet SENS et Data dashboard<\/p>\n<p>Vid\u00e9o <a class=\"file-icon\" href=\"https:\/\/www.unhcr.org\/sens\/wp-content\/uploads\/sites\/155\/2020\/10\/UNHCR-SENS-v3-et-MDC-Webinaires-FR-Session-3-20201020_low.mp4\"><img loading=\"lazy\" decoding=\"async\" class=\"file-icon alignnone wp-image-182 size-full\" src=\"https:\/\/www.unhcr.org\/sens\/wp-content\/uploads\/sites\/155\/2015\/03\/fticon_video.png\" alt=\"fticon_video\" width=\"16\" height=\"16\" \/><\/a><\/p>\n<p>Diapositives <a class=\"file-icon\" href=\"https:\/\/www.unhcr.org\/sens\/wp-content\/uploads\/sites\/155\/2020\/10\/SENS-v3-Updates-webinar-Session-3_FRA_VF.pdf\" target=\"_blank\" rel=\"noopener noreferrer\"><img loading=\"lazy\" decoding=\"async\" class=\"file-icon alignnone wp-image-181 size-full\" src=\"https:\/\/www.unhcr.org\/sens\/wp-content\/uploads\/sites\/155\/2015\/03\/fticon_pdf.png\" alt=\"\" width=\"16\" height=\"16\" \/><\/a><\/p>\n<hr \/>\n<p><strong>Session 4<\/strong> Vue d\u2019ensemble des questionnaires SENS, consentement, et DEMO des questionnaires<\/p>\n<p>Vid\u00e9o <a class=\"file-icon\" href=\"https:\/\/www.unhcr.org\/sens\/wp-content\/uploads\/sites\/155\/2020\/10\/UNHCR-SENS-v3-et-MDC-Webinaires-FR-Session-4-20201027.mp4\" target=\"_blank\" rel=\"noopener noreferrer\"><img loading=\"lazy\" decoding=\"async\" class=\"file-icon alignnone wp-image-182 size-full\" src=\"https:\/\/www.unhcr.org\/sens\/wp-content\/uploads\/sites\/155\/2015\/03\/fticon_video.png\" alt=\"fticon_video\" width=\"16\" height=\"16\" \/><\/a><\/p>\n<p>Diapositives <a class=\"file-icon\" href=\"https:\/\/www.unhcr.org\/sens\/wp-content\/uploads\/sites\/155\/2020\/10\/SENS-v3-Updates-webinar-Session-4_FRA_CG.pdf\" target=\"_blank\" rel=\"noopener noreferrer\"><img loading=\"lazy\" decoding=\"async\" class=\"file-icon alignnone wp-image-181 size-full\" src=\"https:\/\/www.unhcr.org\/sens\/wp-content\/uploads\/sites\/155\/2015\/03\/fticon_pdf.png\" alt=\"\" width=\"16\" height=\"16\" \/><\/a><\/p>\n<hr \/>\n<p><strong>Session 5<\/strong> Les outils MDC, ODK Collect, Kobo Toolbox, ODK Aggregate et Raspberry Pi<\/p>\n<p>Vid\u00e9o <a class=\"file-icon\" href=\"https:\/\/www.unhcr.org\/sens\/wp-content\/uploads\/sites\/155\/2020\/11\/UNHCR-SENS-v3-et-MDC-Webinaires-FR-Session-5-20201103.mp4\" target=\"_blank\" rel=\"noopener noreferrer\"><img loading=\"lazy\" decoding=\"async\" class=\"file-icon alignnone wp-image-182 size-full\" src=\"https:\/\/www.unhcr.org\/sens\/wp-content\/uploads\/sites\/155\/2015\/03\/fticon_video.png\" alt=\"fticon_video\" width=\"16\" height=\"16\" \/><\/a><\/p>\n<p>Diapositives <a class=\"file-icon\" href=\"https:\/\/www.unhcr.org\/sens\/wp-content\/uploads\/sites\/155\/2020\/11\/SENS-v3-Updates-webinar-Session-5_FRA_CG.pdf\" target=\"_blank\" rel=\"noopener noreferrer\"><img loading=\"lazy\" decoding=\"async\" class=\"file-icon alignnone wp-image-181 size-full\" src=\"https:\/\/www.unhcr.org\/sens\/wp-content\/uploads\/sites\/155\/2015\/03\/fticon_pdf.png\" alt=\"\" width=\"16\" height=\"16\" \/><\/a><\/p>\n<hr \/>\n<p><strong>Session 6<\/strong> Configuration d&#8217;ODK Collect &#8211; Trucs et Astuces, SENS Mapper, et Q&amp;R<\/p>\n<p>Vid\u00e9o <a class=\"file-icon\" href=\"https:\/\/www.dropbox.com\/s\/wr1sq1hesrol6yc\/UNHCR%20SENS%20v3%20et%20MDC%20Webinaires%20-%20FR%20-%20Session%206-20201110.mp4?dl=1\" target=\"_blank\" rel=\"noopener noreferrer\"><img loading=\"lazy\" decoding=\"async\" class=\"file-icon alignnone wp-image-182 size-full\" src=\"https:\/\/www.unhcr.org\/sens\/wp-content\/uploads\/sites\/155\/2015\/03\/fticon_video.png\" alt=\"fticon_video\" width=\"16\" height=\"16\" \/><\/a><\/p>\n<p>Diapositives <a class=\"file-icon\" href=\"https:\/\/www.unhcr.org\/sens\/wp-content\/uploads\/sites\/155\/2020\/11\/SENS-v3-Updates-webinar-Session-6_FRA_VF.pdf\" target=\"_blank\" rel=\"noopener noreferrer\"><img loading=\"lazy\" decoding=\"async\" class=\"file-icon alignnone wp-image-181 size-full\" src=\"https:\/\/www.unhcr.org\/sens\/wp-content\/uploads\/sites\/155\/2015\/03\/fticon_pdf.png\" alt=\"\" width=\"16\" height=\"16\" \/><\/a><\/p>\n<hr \/>\n<p><strong>Autres documents<\/strong><\/p>\n<p>Kobo Toolbox Exercise <a class=\"file-icon\" href=\"https:\/\/www.unhcr.org\/sens\/wp-content\/uploads\/sites\/155\/2020\/11\/SENS-V3-Webinars-Exercise-on-Kobo-Toolbox-FR.pptx\" target=\"_blank\" rel=\"noopener noreferrer\"><img loading=\"lazy\" decoding=\"async\" class=\"file-icon alignnone wp-image-179 size-full\" src=\"https:\/\/www.unhcr.org\/sens\/wp-content\/uploads\/sites\/155\/2015\/03\/fticon_mspowerpoint.png\" alt=\"\" width=\"16\" height=\"16\" \/><\/a><\/p>\n<p>R\u00e9sum\u00e9 des Q&amp;R <a class=\"file-icon\" href=\"https:\/\/www.unhcr.org\/sens\/wp-content\/uploads\/sites\/155\/2020\/11\/QA_Summary_SENS-v3_Webinars_FRA_VF.pdf\" target=\"_blank\" rel=\"noopener noreferrer\"><img loading=\"lazy\" decoding=\"async\" class=\"file-icon alignnone wp-image-181 size-full\" src=\"https:\/\/www.unhcr.org\/sens\/wp-content\/uploads\/sites\/155\/2015\/03\/fticon_pdf.png\" alt=\"\" width=\"16\" height=\"16\" \/><\/a><\/p>\n\n\n<p><\/p>\n","protected":false},"excerpt":{"rendered":"<p>In 2020, UNHCR in collaboration with CartONG organized a series of webinars on SENS version 3 and new Mobile Data Collection (MDC) tools. This webinar series is dedicated to survey managers and to persons involved in the implementation of SENS surveys to gain key knowledge and useful skills to be able to conduct a SENS [&hellip;]<\/p>\n","protected":false},"author":867,"featured_media":0,"parent":121,"menu_order":2,"comment_status":"closed","ping_status":"closed","template":"","meta":{"footnotes":""},"class_list":["post-2338","page","type-page","status-publish","hentry"],"_links":{"self":[{"href":"https:\/\/www.unhcr.org\/sens\/wp-json\/wp\/v2\/pages\/2338","targetHints":{"allow":["GET"]}}],"collection":[{"href":"https:\/\/www.unhcr.org\/sens\/wp-json\/wp\/v2\/pages"}],"about":[{"href":"https:\/\/www.unhcr.org\/sens\/wp-json\/wp\/v2\/types\/page"}],"author":[{"embeddable":true,"href":"https:\/\/www.unhcr.org\/sens\/wp-json\/wp\/v2\/users\/867"}],"replies":[{"embeddable":true,"href":"https:\/\/www.unhcr.org\/sens\/wp-json\/wp\/v2\/comments?post=2338"}],"version-history":[{"count":2,"href":"https:\/\/www.unhcr.org\/sens\/wp-json\/wp\/v2\/pages\/2338\/revisions"}],"predecessor-version":[{"id":2475,"href":"https:\/\/www.unhcr.org\/sens\/wp-json\/wp\/v2\/pages\/2338\/revisions\/2475"}],"up":[{"embeddable":true,"href":"https:\/\/www.unhcr.org\/sens\/wp-json\/wp\/v2\/pages\/121"}],"wp:attachment":[{"href":"https:\/\/www.unhcr.org\/sens\/wp-json\/wp\/v2\/media?parent=2338"}],"curies":[{"name":"wp","href":"https:\/\/api.w.org\/{rel}","templated":true}]}}